ctors of v.
11
Let t = 8 - 5. Let c = t + -3. Suppose 2*v + c = 6. What are the prime factors of v?
3
Suppose -m + 58 = m. Let l = -17 + m. List the prime factors of l.
2, 3
Suppose -5 + 22 = 4*y - 3*f, 4 = -y - 2*f. Suppose -o = -y*o + 41. List the prime factors of o.
41
Let a be -2 + 2/(-4)*-4. Suppose 5*x - 7 = -a*p - p, -5*p = -3*x - 63. Suppose b = 3*b - p. What are the prime factors of b?
2, 3
Let w = 83 - 43. Suppose g - w = -19. What are the prime factors of -2*1*g/(-6)?
7
Let w(q) = -q**3 + 4*q**2 + 2*q - 1. Let z be w(5). Let c = 28 + z. List the prime factors of c.
2, 3
Let z(p) = -2*p**3 + 23*p**2 - 9*p + 27. What are the prime factors of z(11)?
7
Suppose 4*l + l + 10 = 0, 0 = -4*w - 4*l + 8. Suppose -5*c = 4*g + w - 117, -46 = -2*c - 2*g. Let u = c + -9. List the prime factors of u.
2, 3
Let j = -3 - -9. Let n = 21 - j. Suppose -5*o = -2*k + n, 2*o + 5 = 3. What are the prime factors of k?
5
Suppose 0 = b - 0*b - 6. What are the prime factors of (138/9)/(b/9)?
23
Suppose -3*s + 0 + 4 = r, -r + 4 = 5*s. Suppose s = -9*j + 4*j + 4*z + 9, -3*j + 5*z = 5. List the prime factors of j.
5
Let b = 93 + -31. List the prime factors of b.
2, 31
Suppose x + 150 + 157 = 4*d, 0 = -4*x + 4. List the prime factors of d.
7, 11
Suppose 3*z + 3 = 0, -2*z + 8 = -q - 4*z. What are the prime factors of q/((24/27)/(-4))?
3
Suppose -4 = -2*t + 2. Let j be t/9 + (-3)/9. Suppose -5*q + q + 8 = j. What are the prime factors of q?
2
Suppose 0 = 5*n + 3*f + 65, 5*f + 13 = -n + 4*f. Let y = n - -23. What are the prime factors of 48/y - (-1)/5?
5
List the prime factors of ((-308)/8 - -1)*8/(-12).
5
Let l(v) be the second derivative of -v**5/20 + 7*v**4/12 + v**3/2 - 9*v**2/2 - v. Let j(g) = -g + 3. Let q be j(-4). What are the prime factors of l(q)?
2, 3
Let b = -4 + 9. Let o be 250/15*12/10. Suppose b*i - o = 15. List the prime factors of i.
7
Suppose 6*y - y = 325. What are the prime factors of y?
5, 13
Suppose 0 = -4*y + 24. Suppose 0 = 3*k - 0*k - y. Suppose -4*l + 4 + 4 = 0, c = k*l - 2. What are the prime factors of c?
2
Let o be 652/16 + (-1)/(-4). Suppose 4*g = 27 + o. List the prime factors of g.
17
Let a(k) = k**2 - 8*k - 1. Let q be a(7). Let o = 31 + -15. Let z = q + o. List the prime factors of z.
2
Suppose 8*l - 345 = 3*l. List the prime factors of l.
3, 23
Let j(d) = d + 7. Let p be j(-4). Suppose -p*w = 2*b - 26, -2*w - 5*b + 23 = 2*w. List the prime factors of w.
2, 3
Let w be (-6 - -4)/((-2)/3). Suppose -11 + w = -4*g. Suppose 16 = g*z - 6. List the prime factors of z.
11
Let t be (-2)/(-10) + (-276)/(-20). Suppose t + 91 = -3*z - 3*h, 5*z - 3*h + 151 = 0. List the prime factors of z/(-6) - (-2)/(-6).
5
Let p(x) = -5*x - 4. List the prime factors of p(-5).
3, 7
Let b be -2*2/1*-1. Suppose b*h - 3*j = 49, -3*h - j + 36 = -3*j. List the prime factors of h.
2, 5
Suppose 0 = 2*n + n + 12. Let a(d) = -d. What are the prime factors of a(n)?
2
Suppose 4*y + 67 = 5*s, 0*s - 2*y = 2*s - 34. Suppose -5*m + s + 45 = 0. List the prime factors of m.
2, 3
Suppose 3*b - 6 - 2 = 4*a, 0 = 5*b - 2*a - 32. List the prime factors of b + 0*(0 - -1).
2
List the prime factors of ((-1218)/(-12) - -4)*6/3.
211
Let y(g) = g**2 - 2*g - 1. Suppose -b + 2 = -3*o - 3, -3 = 3*o. Suppose -4*r + 23 = -v, 0 = -5*v - b*r - r. What are the prime factors of y(v)?
2, 7
Let j(l) = l**2 - 5*l + 5. Let m be j(4). Suppose -3*y - m + 13 = 0. List the prime factors of 53/y + 6/8.
2, 7
Suppose 5*o = -u + 25 + 14, 5 = -o + 3*u. List the prime factors of (-26 - 1)*(-7)/o.
3
Let h = 0 - 1. Let i(l) = -2*l**2 - 4*l - 4. Let t(r) = -r**3 - 5*r**2 - 11*r - 11. Let b(k) = -8*i(k) + 3*t(k). List the prime factors of b(h).
2
Let t = -11 + 15. Suppose m - u = 11, -t*m = u - 25 - 14. Suppose 3*k = -4*b - 4, b + k = -2*k - m. What are the prime factors of b?
2
Let y be 1*4 - (4 - 2). Suppose y*s = -4*s + 12. What are the prime factors of s?
2
Suppose -5*z + 37 = 7. Suppose -o - 8 = z. List the prime factors of (-164)/o - (-6)/21.
2, 3
Suppose -208 = -0*u - 4*u. Let l = u - 34. List the prime factors of l.
2, 3
Let v be 0 + (-2)/(-2) - -35. Suppose 3*d - 7*d - v = 0. List the prime factors of (d/(-1) + 2)*1.
11
Let l be (10/8)/((-16)/(-64)). Suppose -2*k + 39 = -l*r, 3*k = -0*r - r + 33. List the prime factors of k.
2, 3
Let o = 1 + 3. What are the prime factors of 66/(-2)*o/(-12)?
11
Let g = -4 + 1. Let w be (3 - 3)/g + -7. Let f = 19 + w. What are the prime factors of f?
2, 3
Let u(t) be the third derivative of -t**5/60 - 3*t**4/8 + 7*t**3/6 - 3*t**2. Let i be u(-8). Suppose 3*n - 3 = i. What are the prime factors of n?
2, 3
Suppose 2*c = 52 + 88. What are the prime factors of c?
2, 5, 7
Suppose 6*s + 15 = s. Let b(r) = -r**2 - 3*r. Let h be b(s). Suppose -4*v + 0*v + 48 = h. What are the prime factors of v?
2, 3
Let v = -6 - -10. What are the prime factors of -3 - (-26 + (6 - v))?
3, 7
Let t(x) = -x + 11. Let g be t(11). Suppose g = -c - 2*c + 21. List the prime factors of c.
7
Let q = -152 + 64. Let g = q + 130. List the prime factors of g.
2, 3, 7
Suppose -4*c + 7 + 21 = 2*x, -2*x - 35 = -3*c. Suppose -3*n + c = -3. List the prime factors of n.
2
Let u = -3 - -23. List the prime factors of u.
2, 5
Let h(t) = -t**2 + 20*t + 23. Let i(n) = -3*n**2 + 59*n + 68. Let b(a) = 17*h(a) - 6*i(a). Let k be b(13). Let d = k + 44. What are the prime factors of d?
2, 7
Let m(c) = c**2 - 4*c + 3. List the prime factors of m(8).
5, 7
Let l(w) = -w + 48. List the prime factors of l(-12).
2, 3, 5
Let b(y) = -y**3 + 8*y**2 - 3*y + 9. Let h be b(8). Let p be ((-18)/h)/((-1)/(-5)). List the prime factors of (p/(-4))/((-2)/4).
3
Suppose -u = 4*v - 13, 4*v - 3*u - 31 = 2*u. Suppose 4*x = x + o + 44, v*x + 4*o - 48 = 0. What are the prime factors of x?
2, 7
Suppose v - 109 = y, 3*v = -0*v - 2*y + 342. What are the prime factors of v?
2, 7
Let h(c) = c**2 + 9*c + 15. What are the prime factors of h(-12)?
3, 17
Suppose 0 = d + 4*j + 72, 0 = 4*d - j + 4*j + 236. Let z = d - -103. What are the prime factors of z?
47
Let o(m) = -m**3 - 3*m**2 + 6*m + 5. Let y be o(-5). Suppose 5*h - h - 20 = -2*q, -q = -3*h + y. What are the prime factors of h?
7
Let b(g) = -21*g - 24. Let i(p) = 5*p + 6. Let q(c) = -2*b(c) - 9*i(c). Suppose -2*a = 2*a + 24. What are the prime factors of q(a)?
2, 3
Suppose 8*b - b = 686. List the prime factors of b.
2, 7
Suppose -4*x = -x - 3. Let v = x + -3. What are the prime factors of (-1 - -23)*(-1)/v?
11
Suppose 5*k = 64 + 171. Let w = k + -27. List the prime factors of w.
2, 5
Let q = -13 - -8. Let z = q - -10. List the prime factors of z.
5
Let a = -94 - -216. List the prime factors of a.
2, 61
Let p(z) = 2*z - 13. Let q be p(9). Suppose i = -3*o - 1, 0 - q = 5*i + 5*o. List the prime factors of i/1 + 8/1.
7
Let m(j) = 1 - j**2 + 3*j**2 - j**2 + 3*j. Let g be m(-2). Let v(h) = -4*h**3 - 2*h - 1. What are the prime factors of v(g)?
5
Let v = 11 - 11. Suppose v = 4*q - 11 - 5. What are the prime factors of q?
2
Let x(r) = r**2 - 3*r - 1 - 1 + 3*r. Let h be x(-2). Suppose h*y - 5*y + 48 = 0. List the prime factors of y.
2
Suppose -w = 2*c - 16, 5*c + 6 = 2*w + 1. List the prime factors of w.
2, 5
Suppose -j = -p - 2*j, -4*j = -p. Let o = 4 - 2. Suppose o*n + p*n = 20. What are the prime factors of n?
2, 5
Suppose n + 4*x + 29 - 5 = 0, n + 24 = 3*x. Let y = 36 + n. Suppose 7*v = 4*v + y. List the prime factors of v.
2
Let k be ((-125)/(-4))/((-4)/(-16)). Let v = -88 + k. List the prime factors of v.
37
Let p be ((-1 - 0) + 0)*-4. Suppose 3*y + 13 = p*y. List the prime factors of y.
13
Suppose -122 - 25 = -3*h. List the prime factors of h.
7
Suppose -d + 9 = -2*r, 4*r - 2*d + 9 = -3*d. What are the prime factors of 6 - (r + 5 - 0)?
2
Suppose -5*b + 0*b = -235. What are the prime factors of b/9 + 4/(-18)?
5
Let c = 182 - 130. What are the prime factors of c?
2, 13
Suppose 0 = 2*k - 6*k + 12. List the prime factors of 1 - -3*k - -3.
13
Let m = 59 - 13. List the prime factors of m.
2, 23
Let y = -5 + 5. Suppose 2*g + y = 10, 5*g - 28 = 3*d. What are the prime factors of (0 - -16) + 2/d?
2, 7
Let c(v) = -6*v**3 - 3*v**3 - 4*v - v**2 + 0*v. Let d(n) = -8*n**3 - 3*n. Let o(r) = 2*c(r) - 3*d(r). List the prime factors of o(1).
5
Suppose 6*v + 35 = -5*s + 2*v, 2 = -4*s + 2*v. List the prime factors of s + 1